{"id":19,"date":"2024-10-23T11:45:28","date_gmt":"2024-10-23T11:45:28","guid":{"rendered":"https:\/\/www.nastrojarnapraha.cz\/?page_id=19"},"modified":"2024-11-08T10:11:15","modified_gmt":"2024-11-08T10:11:15","slug":"domu","status":"publish","type":"page","link":"https:\/\/www.nastrojarnapraha.cz\/","title":{"rendered":"Dom\u016f"},"content":{"rendered":"\n<div class=\"wp-block-cover alignfull has-parallax wp-duotone-grayscale\" style=\"min-height:902px;aspect-ratio:unset;\"><span aria-hidden=\"true\" class=\"wp-block-cover__background has-ast-global-color-8-background-color has-background-dim-60 has-background-dim\"><\/span><div class=\"wp-block-cover__image-background wp-image-41 has-parallax\" style=\"background-position:50% 50%;background-image:url(https:\/\/www.nastrojarnapraha.cz\/wp-content\/uploads\/2024\/10\/IMG_7029-scaled.jpeg)\"><\/div><div class=\"wp-block-cover__inner-container is-layout-flow wp-block-cover-is-layout-flow\">\n<div class=\"inherit-container-width wp-block-group alignwide is-layout-constrained wp-block-group-is-layout-constrained\">\n<figure class=\"wp-block-image aligncenter size-full\"><img fetchpriority=\"high\" decoding=\"async\" width=\"500\" height=\"166\" src=\"http:\/\/www.nastrojarnapraha.cz\/wp-content\/uploads\/2024\/10\/cropped-cropped-Praha__2_-removebg-preview.png\" alt=\"\" class=\"wp-image-58\" srcset=\"https:\/\/www.nastrojarnapraha.cz\/wp-content\/uploads\/2024\/10\/cropped-cropped-Praha__2_-removebg-preview.png 500w, https:\/\/www.nastrojarnapraha.cz\/wp-content\/uploads\/2024\/10\/cropped-cropped-Praha__2_-removebg-preview-300x100.png 300w, https:\/\/www.nastrojarnapraha.cz\/wp-content\/uploads\/2024\/10\/cropped-cropped-Praha__2_-removebg-preview-245x81.png 245w\" sizes=\"(max-width: 500px) 100vw, 500px\" \/><\/figure>\n<\/div>\n\n\n\n<h2 class=\"wp-block-heading has-text-align-center has-text-color has-link-color wp-elements-820687205801271ed3a2df2bca4d42fa\" id=\"preciznost-v-kazdem-detailu\" style=\"color:#0055cc\">Preciznost v ka\u017ed\u00e9m detailu<\/h2>\n\n\n\n<h3 class=\"wp-block-heading has-text-align-center has-ast-global-color-5-color has-text-color has-link-color wp-elements-9378806f4c1c51c033b6846c8c42abb2\" id=\"vase-jistota-v-kazdem-kroku\">Va\u0161e jistota v ka\u017ed\u00e9m kroku<\/h3>\n<\/div><\/div>\n\n\n\n<hr class=\"wp-block-separator has-alpha-channel-opacity\"\/>\n\n\n\n<div class=\"wp-block-group alignfull has-ast-global-color-5-background-color has-background is-layout-constrained wp-container-core-group-is-layout-94d206d0 wp-block-group-is-layout-constrained\" id=\"about\" style=\"padding-top:143px;padding-bottom:144px\">\n<div class=\"wp-block-media-text has-media-on-the-right is-stacked-on-mobile is-vertically-aligned-center .own-fade-in {  animation: owd-fade-in linear forwards; animation-timeline: view (); animation-range: entry; } @keyframes 0% opacity: 0; transform: translatey(480px) 50% 100% 1; translatey(0px)\" data-aos=\"fade-up\" data-aos-duration=\"900\"><div class=\"wp-block-media-text__content\">\n<div class=\"inherit-container-width wp-block-group is-layout-constrained wp-container-core-group-is-layout-47ce07ec wp-block-group-is-layout-constrained\" style=\"padding-right:80px\">\n<h2 class=\"wp-block-heading has-text-color has-link-color wp-elements-9a884e20feaef8947790e5a21456ff65\" id=\"nase-sluzby\" style=\"color:#1f4477;padding-right:40px\">Na\u0161e slu\u017eby<\/h2>\n\n\n\n<p class=\"has-ast-global-color-8-color has-text-color has-link-color wp-elements-8a6df02b109afcfa4d5451f4758335d2\">Hled\u00e1te partnera, kter\u00fd v\u00e1m zajist\u00ed precizn\u00ed n\u00e1stroje a spolehliv\u00e1 \u0159e\u0161en\u00ed? Na\u0161e slu\u017eby pokr\u00fdvaj\u00ed v\u0161e od v\u00fdroby p\u0159esn\u00fdch forem, \u00fadr\u017eby a\u017e po kompletn\u00ed n\u00e1vrhy n\u00e1stroj\u016f na m\u00edru. Pom\u00e1h\u00e1me v\u00e1m dos\u00e1hnout vy\u0161\u0161\u00ed efektivity a kvality ve v\u00fdrob\u011b.<\/p>\n\n\n\n<p class=\"has-ast-global-color-8-color has-text-color has-link-color wp-elements-91315e3d8645c56589b7910b43b53c60\">Pro v\u00edce informac\u00ed klikn\u011bte na <strong>Slu\u017eby<\/strong>.<\/p>\n<\/div>\n\n\n\n<div style=\"height:22px\" aria-hidden=\"true\" class=\"wp-block-spacer\"><\/div>\n\n\n\n<div class=\"gspb_button_wrapper gspb_button-id-gsbp-797f097\" id=\"gspb_button-id-gsbp-797f097\"><a class=\"wp-block-greenshift-blocks-buttonbox gspb-buttonbox wp-element-button\" href=\"https:\/\/www.nastrojarnapraha.cz\/?page_id=113\" rel=\"noopener\"><span class=\"gspb-buttonbox-textwrap\"><span class=\"gspb-buttonbox-text\"><span class=\"gspb-buttonbox-title\">Slu\u017eby<\/span><\/span><\/span><\/a><\/div>\n<\/div><figure class=\"wp-block-media-text__media\"><img decoding=\"async\" width=\"1024\" height=\"683\" src=\"http:\/\/www.nastrojarnapraha.cz\/wp-content\/uploads\/2024\/10\/dytron-o-spolecnosti-3-1024x683.jpg\" alt=\"\" class=\"wp-image-80 size-full\" srcset=\"https:\/\/www.nastrojarnapraha.cz\/wp-content\/uploads\/2024\/10\/dytron-o-spolecnosti-3-1024x683.jpg 1024w, https:\/\/www.nastrojarnapraha.cz\/wp-content\/uploads\/2024\/10\/dytron-o-spolecnosti-3-300x200.jpg 300w, https:\/\/www.nastrojarnapraha.cz\/wp-content\/uploads\/2024\/10\/dytron-o-spolecnosti-3-768x512.jpg 768w, https:\/\/www.nastrojarnapraha.cz\/wp-content\/uploads\/2024\/10\/dytron-o-spolecnosti-3.jpg 1200w\" sizes=\"(max-width: 1024px) 100vw, 1024px\" \/><\/figure><\/div>\n\n\n<\/div>\n\n\n\n<div class=\"wp-block-group alignfull has-background has-medium-font-size is-layout-constrained wp-container-core-group-is-layout-6a2cfb7b wp-block-group-is-layout-constrained\" id=\"reviews\" style=\"background-color:#1f4477;background-image:url(&apos;https:\/\/www.nastrojarnapraha.cz\/wp-content\/uploads\/2024\/10\/Navrh-bez-nazvu-scaled.jpg&apos;);background-size:cover;\" data-aos=\"fade\" data-aos-duration=\"500\">\n<p class=\"has-text-align-center has-ast-global-color-5-color has-text-color has-link-color wp-elements-36128f549f8176e9e1fb4e1725b73404\" style=\"font-size:22px;line-height:1.6\">S n\u00e1mi z\u00edsk\u00e1te spolehliv\u00e9 a p\u0159esn\u00e9 n\u00e1stroje, kter\u00e9 posunou va\u0161i v\u00fdrobu na vy\u0161\u0161\u00ed \u00farove\u0148. Kombinujeme modern\u00ed technologie a zku\u0161enosti, abyste v\u017edy dostali to nejlep\u0161\u00ed.<\/p>\n\n\n\n<p class=\"has-text-align-center has-ast-global-color-5-color has-text-color has-link-color wp-elements-0923372ef7f8e161b444e3aa6a43efea\" style=\"font-size:22px;line-height:1.6\"><strong>N\u00e1stroj\u00e1rna Praha<\/strong><\/p>\n<\/div>\n\n\n\n<div class=\"wp-block-group alignfull is-layout-constrained wp-container-core-group-is-layout-3fee123f wp-block-group-is-layout-constrained\" id=\"whyus\" style=\"padding-top:144px;padding-bottom:144px\">\n<h2 class=\"wp-block-heading has-text-color has-link-color wp-elements-14cf9c7251238616dfe6987195c33ed7\" id=\"proc-nas\" style=\"color:#1f4477\" data-aos=\"fade-\" data-aos-duration=\"850\">Pro\u010d n\u00e1s?<\/h2>\n\n\n\n<div class=\"wp-block-columns is-layout-flex wp-container-core-columns-is-layout-29aadeec wp-block-columns-is-layout-flex\" style=\"margin-top:60px\">\n<div class=\"wp-block-column is-layout-flow wp-container-core-column-is-layout-6b73ce23 wp-block-column-is-layout-flow\">\n<figure class=\"wp-block-image aligncenter size-full is-resized is-style-rounded\" data-aos=\"zoom-in-right\"><img decoding=\"async\" width=\"500\" height=\"500\" src=\"https:\/\/www.nastrojarnapraha.cz\/wp-content\/uploads\/2024\/10\/957ef12e-0c4c-4e41-8d38-0ee333a02711-removebg-preview.png\" alt=\"\" class=\"wp-image-99\" style=\"width:299px;height:auto\" srcset=\"https:\/\/www.nastrojarnapraha.cz\/wp-content\/uploads\/2024\/10\/957ef12e-0c4c-4e41-8d38-0ee333a02711-removebg-preview.png 500w, https:\/\/www.nastrojarnapraha.cz\/wp-content\/uploads\/2024\/10\/957ef12e-0c4c-4e41-8d38-0ee333a02711-removebg-preview-300x300.png 300w, https:\/\/www.nastrojarnapraha.cz\/wp-content\/uploads\/2024\/10\/957ef12e-0c4c-4e41-8d38-0ee333a02711-removebg-preview-150x150.png 150w\" sizes=\"(max-width: 500px) 100vw, 500px\" \/><\/figure>\n\n\n\n<h3 class=\"wp-block-heading\" id=\"spolehlivost\" style=\"margin-top:16px\" data-aos=\"fade\"><strong>Spolehlivost<\/strong><\/h3>\n\n\n\n<p data-aos=\"fade\">Na\u0161e n\u00e1stroje jsou navr\u017eeny a vyrobeny s ohledem na dlouhou \u017eivotnost a bezprobl\u00e9mov\u00fd provoz. V\u011b\u0159\u00edme v spolehlivost jako z\u00e1kladn\u00ed pil\u00ed\u0159 na\u0161eho podnik\u00e1n\u00ed. D\u00edky pe\u010dliv\u011b zvolen\u00fdm materi\u00e1l\u016fm a kvalitn\u00ed v\u00fdrob\u011b v\u00e1m dod\u00e1v\u00e1me \u0159e\u0161en\u00ed, kter\u00e1 obstoj\u00ed v n\u00e1ro\u010dn\u00fdch podm\u00ednk\u00e1ch a poskytnou v\u00e1m jistotu ve v\u00fdrobn\u00edm procesu.<\/p>\n<\/div>\n\n\n\n<div class=\"wp-block-column is-layout-flow wp-container-core-column-is-layout-6b73ce23 wp-block-column-is-layout-flow\">\n<figure class=\"wp-block-image aligncenter size-full is-resized is-style-rounded\" data-aos=\"zoom-out-up\"><img loading=\"lazy\" decoding=\"async\" width=\"500\" height=\"500\" src=\"https:\/\/www.nastrojarnapraha.cz\/wp-content\/uploads\/2024\/10\/WhatsApp_Image_2024-10-23_at_16.50.43-removebg-preview-1.png\" alt=\"\" class=\"wp-image-70\" style=\"width:299px;height:auto\" srcset=\"https:\/\/www.nastrojarnapraha.cz\/wp-content\/uploads\/2024\/10\/WhatsApp_Image_2024-10-23_at_16.50.43-removebg-preview-1.png 500w, https:\/\/www.nastrojarnapraha.cz\/wp-content\/uploads\/2024\/10\/WhatsApp_Image_2024-10-23_at_16.50.43-removebg-preview-1-300x300.png 300w, https:\/\/www.nastrojarnapraha.cz\/wp-content\/uploads\/2024\/10\/WhatsApp_Image_2024-10-23_at_16.50.43-removebg-preview-1-150x150.png 150w\" sizes=\"(max-width: 500px) 100vw, 500px\" \/><\/figure>\n\n\n\n<h3 class=\"wp-block-heading\" id=\"presnost\" style=\"margin-top:16px\" data-aos=\"fade\">P\u0159esnost<\/h3>\n\n\n\n<p data-aos=\"fade\">V na\u0161\u00ed n\u00e1stroj\u00e1rn\u011b je p\u0159esnost kl\u00ed\u010dov\u00e1. D\u00edky modern\u00edm technologi\u00edm a detailn\u00edmu p\u0159\u00edstupu k v\u00fdrob\u011b garantujeme, \u017ee ka\u017ed\u00fd n\u00e1stroj odpov\u00edd\u00e1 va\u0161im specifikac\u00edm s maxim\u00e1ln\u00ed p\u0159esnost\u00ed. Zaji\u0161\u0165ujeme, aby ka\u017ed\u00fd milimetr rozhodoval a va\u0161e produkty fungovaly bezchybn\u011b. Na\u0161e n\u00e1stroje jsou z\u00e1rukou preciznosti, na kterou se m\u016f\u017eete spolehnout.<\/p>\n<\/div>\n\n\n\n<div class=\"wp-block-column is-layout-flow wp-container-core-column-is-layout-6b73ce23 wp-block-column-is-layout-flow\">\n<figure class=\"wp-block-image aligncenter size-full is-resized is-style-rounded\" data-aos=\"zoom-in-left\"><img loading=\"lazy\" decoding=\"async\" width=\"500\" height=\"500\" src=\"https:\/\/www.nastrojarnapraha.cz\/wp-content\/uploads\/2024\/10\/afecffd4-9371-4d78-8c49-7fdaf9077f9e-removebg-preview-1.png\" alt=\"\" class=\"wp-image-100\" style=\"width:299px\" srcset=\"https:\/\/www.nastrojarnapraha.cz\/wp-content\/uploads\/2024\/10\/afecffd4-9371-4d78-8c49-7fdaf9077f9e-removebg-preview-1.png 500w, https:\/\/www.nastrojarnapraha.cz\/wp-content\/uploads\/2024\/10\/afecffd4-9371-4d78-8c49-7fdaf9077f9e-removebg-preview-1-300x300.png 300w, https:\/\/www.nastrojarnapraha.cz\/wp-content\/uploads\/2024\/10\/afecffd4-9371-4d78-8c49-7fdaf9077f9e-removebg-preview-1-150x150.png 150w\" sizes=\"(max-width: 500px) 100vw, 500px\" \/><\/figure>\n\n\n\n<h3 class=\"wp-block-heading\" id=\"inovace\" style=\"margin-top:16px\" data-aos=\"fade\">Inovace<\/h3>\n\n\n\n<p data-aos=\"fade\">Sledujeme nejnov\u011bj\u0161\u00ed trendy v oboru a neust\u00e1le inovujeme na\u0161e postupy i vybaven\u00ed. Investujeme do modern\u00edch technologi\u00ed, jako jsou CNC stroje, abychom zajistili, \u017ee na\u0161im z\u00e1kazn\u00edk\u016fm nab\u00edz\u00edme pokro\u010dil\u00e1 a efektivn\u00ed \u0159e\u0161en\u00ed. S n\u00e1mi m\u00e1te jistotu, \u017ee dr\u017e\u00edte krok s nejmodern\u011bj\u0161\u00edmi v\u00fdrobn\u00edmi procesy a technologiemi.<\/p>\n<\/div>\n<\/div>\n<\/div>\n\n\n\n<p><\/p>\n","protected":false},"excerpt":{"rendered":"<p>Na\u0161e slu\u017eby Hled\u00e1te partnera, kter\u00fd v\u00e1m zajist\u00ed precizn\u00ed n\u00e1stroje a spolehliv\u00e1 \u0159e\u0161en\u00ed? Na\u0161e slu\u017eby pokr\u00fdvaj\u00ed v\u0161e od v\u00fdroby p\u0159esn\u00fdch forem, [&hellip;]<\/p>\n","protected":false},"author":1,"featured_media":0,"parent":0,"menu_order":0,"comment_status":"closed","ping_status":"closed","template":"","meta":{"_gspb_post_css":"#gspb_button-id-gsbp-797f097{display:flex;justify-content:flex-start}#gspb_button-id-gsbp-797f097 .gspb-buttonbox-text{display:flex;flex-direction:column}#gspb_button-id-gsbp-797f097>.gspb-buttonbox{box-sizing:border-box;background-color:#1f4477;font-size:25px;line-height:20px;text-decoration:none;color:#fff;border-style:solid;border-width:2px;border-color:#1a1a1a;box-shadow:0 1px 3px 0 #00000005}#gspb_button-id-gsbp-797f097>.gspb-buttonbox a{text-decoration:none}#gspb_button-id-gsbp-797f097>.gspb-buttonbox,#gspb_button-id-gsbp-797f097>.gspb-buttonbox>.gspb_backgroundOverlay{border-top-left-radius:15px;border-top-right-radius:15px;border-bottom-right-radius:15px;border-bottom-left-radius:15px}#gspb_button-id-gsbp-797f097>.gspb-buttonbox:hover{box-shadow:0 8px 15px 0 #00000040}#gspb_button-id-gsbp-797f097>.gspb-buttonbox:active{box-shadow:0 1px 0 0 #00000040}#gspb_button-id-gsbp-797f097>.gspb-buttonbox,#gspb_button-id-gsbp-797f097>.gspb-buttonbox .gspb-buttonbox-icon svg,#gspb_button-id-gsbp-797f097>.gspb-buttonbox .gspb-buttonbox-icon svg path{transition:all .25s cubic-bezier(.42,0,.58,1)}#gspb_button-id-gsbp-797f097>.gspb-buttonbox:hover{transform:translateY(-3px)}#gspb_button-id-gsbp-797f097>.gspb-buttonbox:active,.active #gspb_button-id-gsbp-797f097>.gspb-buttonbox{transform:translateY(3px)}","site-sidebar-layout":"no-sidebar","site-content-layout":"plain-container","ast-site-content-layout":"","site-content-style":"default","site-sidebar-style":"default","ast-global-header-display":"","ast-banner-title-visibility":"","ast-main-header-display":"","ast-hfb-above-header-display":"","ast-hfb-below-header-display":"","ast-hfb-mobile-header-display":"","site-post-title":"disabled","ast-breadcrumbs-content":"","ast-featured-img":"","footer-sml-layout":"","theme-transparent-header-meta":"enabled","adv-header-id-meta":"","stick-header-meta":"","header-above-stick-meta":"","header-main-stick-meta":"","header-below-stick-meta":"","astra-migrate-meta-layouts":"default","ast-page-background-enabled":"default","ast-page-background-meta":{"desktop":{"background-color":"var(--ast-global-color-4)","background-image":"","background-repeat":"repeat","background-position":"center center","background-size":"auto","background-attachment":"scroll","background-type":"","background-media":"","overlay-type":"","overlay-color":"","overlay-opacity":"","overlay-gradient":""},"tablet":{"background-color":"","background-image":"","background-repeat":"repeat","background-position":"center center","background-size":"auto","background-attachment":"scroll","background-type":"","background-media":"","overlay-type":"","overlay-color":"","overlay-opacity":"","overlay-gradient":""},"mobile":{"background-color":"","background-image":"","background-repeat":"repeat","background-position":"center center","background-size":"auto","background-attachment":"scroll","background-type":"","background-media":"","overlay-type":"","overlay-color":"","overlay-opacity":"","overlay-gradient":""}},"ast-content-background-meta":{"desktop":{"background-color":"var(--ast-global-color-5)","background-image":"","background-repeat":"repeat","background-position":"center center","background-size":"auto","background-attachment":"scroll","background-type":"","background-media":"","overlay-type":"","overlay-color":"","overlay-opacity":"","overlay-gradient":""},"tablet":{"background-color":"var(--ast-global-color-5)","background-image":"","background-repeat":"repeat","background-position":"center center","background-size":"auto","background-attachment":"scroll","background-type":"","background-media":"","overlay-type":"","overlay-color":"","overlay-opacity":"","overlay-gradient":""},"mobile":{"background-color":"var(--ast-global-color-5)","background-image":"","background-repeat":"repeat","background-position":"center center","background-size":"auto","background-attachment":"scroll","background-type":"","background-media":"","overlay-type":"","overlay-color":"","overlay-opacity":"","overlay-gradient":""}},"footnotes":""},"class_list":["post-19","page","type-page","status-publish","hentry"],"_links":{"self":[{"href":"https:\/\/www.nastrojarnapraha.cz\/index.php?rest_route=\/wp\/v2\/pages\/19","targetHints":{"allow":["GET"]}}],"collection":[{"href":"https:\/\/www.nastrojarnapraha.cz\/index.php?rest_route=\/wp\/v2\/pages"}],"about":[{"href":"https:\/\/www.nastrojarnapraha.cz\/index.php?rest_route=\/wp\/v2\/types\/page"}],"author":[{"embeddable":true,"href":"https:\/\/www.nastrojarnapraha.cz\/index.php?rest_route=\/wp\/v2\/users\/1"}],"replies":[{"embeddable":true,"href":"https:\/\/www.nastrojarnapraha.cz\/index.php?rest_route=%2Fwp%2Fv2%2Fcomments&post=19"}],"version-history":[{"count":45,"href":"https:\/\/www.nastrojarnapraha.cz\/index.php?rest_route=\/wp\/v2\/pages\/19\/revisions"}],"predecessor-version":[{"id":511,"href":"https:\/\/www.nastrojarnapraha.cz\/index.php?rest_route=\/wp\/v2\/pages\/19\/revisions\/511"}],"wp:attachment":[{"href":"https:\/\/www.nastrojarnapraha.cz\/index.php?rest_route=%2Fwp%2Fv2%2Fmedia&parent=19"}],"curies":[{"name":"wp","href":"https:\/\/api.w.org\/{rel}","templated":true}]}}